ase 15, what is 86 - -4b9?
550
In base 2, what is 11 - 10010011110111?
-10010011110100
In base 4, what is 230020 - 0?
230020
In base 2, what is -100 - -11100101110011?
11100101101111
In base 11, what is -3 + 35768?
35765
In base 10, what is -135918 - 0?
-135918
In base 6, what is -140540 - -30?
-140510
In base 8, what is 14255 + 13?
14270
In base 9, what is -10187 - -101?
-10086
In base 4, what is 3 + -30013300?
-30013231
In base 12, what is -38b + 5?
-386
In base 15, what is -17 + -1c8e6?
-1c90d
In base 7, what is 3544 - -2315?
6162
In base 3, what is -120010000020 - -10?
-120010000010
In base 15, what is 5aa0 + -3?
5a9c
In base 15, what is 1d - -171b?
1739
In base 4, what is -10 - -130102022?
130102012
In base 16, what is 16 + -4?
12
In base 5, what is -2032434 + 0?
-2032434
In base 6, what is -20 + -3223?
-3243
In base 15, what is -38 - 7b?
-b4
In base 2, what is 11001100100001000000 + 101?
11001100100001000101
In base 6, what is 1231 + 12342?
14013
In base 4, what is 2 + -1031322?
-1031320
In base 16, what is 24ee + -38?
24b6
In base 11, what is -163462 - -4?
-163459
In base 10, what is -32 - -59471?
59439
In base 11, what is -2284 + -1507?
-3790
In base 2, what is 1100 + 1100001101001?
1100001110101
In base 2, what is -1100001001011 + -1?
-1100001001100
In base 6, what is -11 + -140053?
-140104
In base 12, what is 101 + -12b?
-2a
In base 7, what is 32401 - 44?
32324
In base 13, what is -187ac + 6?
-187a6
In base 5, what is -414 - 2042201?
-2043120
In base 4, what is -120 + 10231301?
10231121
In base 15, what is 1e - -47ee?
481d
In base 9, what is -11730 - -13?
-11716
In base 8, what is -1 + -200271?
-200272
In base 15, what is -2a45 - 2?
-2a47
In base 11, what is 1 + -124846?
-124845
In base 9, what is -66 - -2637?
2561
In base 2, what is -10101 - -10010110111011?
10010110100110
In base 11, what is -a732 + 90?
-a652
In base 16, what is 155e - -45?
15a3
In base 4, what is 320 - -1222313?
1223233
In base 6, what is -2532 - -42?
-2450
In base 11, what is -7a1 - 10?
-801
In base 11, what is -7 + 36697?
36690
In base 4, what is -221111 - -100102?
-121003
In base 9, what is 560 - 8757?
-8187
In base 5, what is -1040020040 - 10?
-1040020100
In base 16, what is 408 - -b8?
4c0
In base 10, what is 15036 - -6?
15042
In base 10, what is -112 - -374?
262
In base 13, what is -32b0 + -a?
-32ba
In base 6, what is 234155 - -53?
234252
In base 6, what is -5011421 - -11?
-5011410
In base 10, what is -4 + 1334772?
1334768
In base 13, what is -3 + b343?
b340
In base 16, what is -3 - -b22c?
b229
In base 16, what is -2 + 5975?
5973
In base 16, what is -da8 + -70?
-e18
In base 15, what is -19e1 + -35?
-1a26
In base 6, what is 223 + -2003?
-1340
In base 9, what is -1266 - 134?
-1411
In base 2, what is -110000111111000 + -101?
-110000111111101
In base 4, what is -3322 - 11111?
-21033
In base 7, what is -1 - -13600533?
13600532
In base 7, what is 551605 + -2?
551603
In base 5, what is -40102231 + 10?
-40102221
In base 4, what is -10013030 + -211?
-10013301
In base 10, what is 11096 - 0?
11096
In base 11, what is 15462 + -2?
15460
In base 6, what is 3 + 3001454?
3001501
In base 6, what is 2134 + 45?
2223
In base 15, what is -6 + -1aec7?
-1aecd
In base 7, what is -4111 + 224?
-3554
In base 10, what is 1650 - -234?
1884
In base 2, what is 1001100010110010 - 0?
1001100010110010
In base 6, what is 23 + 102323?
102350
In base 12, what is 6098 + 4?
60a0
In base 5, what is -11 + -1243423?
-1243434
In base 6, what is -11325 - 15555?
-31324
In base 4, what is 1200221302 - -13?
1200221321
In base 15, what is -8e839 + -5?
-8e83e
In base 5, what is -20 + 213321?
213301
In base 12, what is -14892 + -4?
-14896
In base 12, what is 91a74 - 4?
91a70
In base 3, what is 10011 - -200202?
210220
In base 9, what is 57 - -1570?
1637
In base 10, what is 173597 + -3?
173594
In base 10, what is 977 - -702?
1679
In base 10, what is 6 - -596?
602
In base 3, what is 1011012102 + -1?
1011012101
In base 16, what is 1 - -6dd6?
6dd7
In base 13, what is -9 + -8345?
-8351
In base 4, what is -1230233 + -331?
-1231230
In base 13, what is 7a23 - -3?
7a26
In base 8, what is 667770 + 1?
667771
In base 4, what is -13313000 - 12?
-13313012
In base 9, what is -13 + -877?
-1001
In base 2, what is -1000111 - -110110111011?
110101110100
In base 14, what is 16d4 + -189?
1549
In base 14, what is -36b8 - 8?
-36c2
In base 6, what is -1 - -3025123?
3025122
In base 11, what is -60 + -215?
-275
In base 3, what is 110012112 - 1012?
110011100
In base 10, what is -15870 - -8?
-15862
In base 5, what is -134402 - -10?
-134342
In base 14, what is -d1a3 - 7?
-d1aa
In base 13, what is ba + -1007?
-c1a
In base 7, what is -561 + 523?
-35
In base 6, what is 304514 + 132?
305050
In base 5, what is -22 - -2010213?
2010141
In base 3, what is 100222 - 102210?
-1211
In base 12, what is 4852 + -4?
484a
In base 3, what is -110212 + 100101?
-10111
In base 10, what is -1465 - 141?
-1606
In base 11, what is -5 + 26641?
26637
In base 16, what is 3 + -2bea7?
-2bea4
In base 6, what is -43213 - -3?
-43210
In base 10, what is -29697 - 4?
-29701
In base 5, what is 300 - 14114?
-13314
In base 12, what is 4397 - -3?
439a
In base 7, what is -322 - 2164?
-2516
In base 8, what is 2336 - 112?
2224
In base 15, what is -144 + -d4?
-228
In base 10, what is -22 + -15567?
-15589
In base 2, what is 101011101 + 110100?
110010001
In base 8, what is -10024 + 2?
-10022
In base 14, what is -140 - 2cb?
-42b
In base 16, what is -4f9 - 3?
-4fc
In base 15, what is -4 + 3917?
3913
In base 13, what is -a02a - a?
-a037
In base 6, what is -51313 + 20?
-51253
In base 11, what is -18 - -655?
638
In base 9, what is 166 + 7418?
7585
In base 6, what is 150 - 15105?
-14515
In base 2, what is -1011000111100100 + -100?
-1011000111101000
In base 4, what is -102303002133 + 10?
-102303002123
In base 2, what is -10100000011110000 - 1010?
-10100000011111010
In base 6, what is -1415 + 3122?
1303
In base 10, what is -218 - 413?
-631
In base 12, what is 525 + 322?
847
In base 10, what is -2 + -380964?
-380966
In base 2, what is 10111 + -1101010100011001?
-1101010100000010
In base 9, what is -28706 + 31?
-28665
In base 8, what is -20702 - -2?
-20700
In base 16, what is -13d56 + 1?
-13d55
In base 16, what is 63 + -1a3?
-140
In base 8, what is -16 - -41340?
41322
In base 6, what is -4423 + 125?
-4254
In base 15, what is 878 - 2c?
84b
In base 3, what is 122 + 20001002220?
20001010112
In base 16, what is 0 + 9447?
9447
In base 3, what is -1 + -1200221012?
-1200221020
In base 15, what is 58 + 231?
289
In base 5, what is 4 + 332323?
332332
In base 2, what is -111 - -100010101110100?
100010101101101
In base 15, what is -1386 - -2?
-1384
In base 14, what is 345 - 105?
240
In base 12, what is -2 + -16b47?
-16b49
In base 12, what is -73 + 30b?
258
In base 5, what is 32 - 13211?
-13124
In base 6, what is 20 - -20013?
20033
In base 8, what is -1122212 - -1?
-1122211
In base 12, what is -3 - 13325?
-13328
In base 5, what is -342 + -230043?
-230440
In base 11, what is -16 + 29434?
29419
In base 11, what is 106038 - 5?
106033
In base 2, what is 1010010001 + 10010?
1010100011
In base 9, what is -4 - 1785737?
-1785742
In base 6, what is -305212 - 0?
-305212
In base 7, what is -16 - -111?
62
In base 10, what is 2 + 66111?
66113
In base 7, what is 403 + -214?
156
In base 4, what is -3 - 2002322?
-2002331
In base 2, what is -1001100111 + 1001111?
-1000011000
In base 6, what is 15 - 215351?
-215332
In base 14, what is a569 + 2?
a56b
In base 3, what is 220122112002 - 1?
220122112001
In base 8, what is -52227 + -37?
-52266
In base 7, what is -2 - 1403665?
-1404000
In base 14, what is 3c - 74?
-36
In base 2, what is -100001101111111100 - 1001?
-100001110000000101
In base 4, what is -1 + -23333202?
-23333203
In base 2, what is 11 + 10110101001110?
10110101010001
In base 5, what is -1104024 - -110?
-1103414
In base 4, what is 11 + 2111233321?
2111233332
In base 6, what is -34 + -40113?
-40151
In base 7, what is -3365 + 3?
-3362
In base 11, what is -1165 + -2a?
-1194
In base 8, what is 251 - 7227?
-6756
In base 9, what is -3648500 + -5?
-3648505
In base 13, what is -453 + 65?
-3bb
In base 13, what is 16b + 570?
70b
In base 2, what is 110010001100110000 - -10?
110010001100110010
In base 9, what is -2 - -4662